{"id":425,"date":"2016-03-23T13:16:05","date_gmt":"2016-03-23T13:16:05","guid":{"rendered":"http:\/\/umpra20.com.br\/satyananda\/?page_id=425"},"modified":"2025-06-13T23:28:21","modified_gmt":"2025-06-14T02:28:21","slug":"como-chegar","status":"publish","type":"page","link":"https:\/\/www.satyanandayoga.com.br\/website\/como-chegar\/","title":{"rendered":"COMO CHEGAR"},"content":{"rendered":"<section class=\"l-section wpb_row height_medium color_custom with_img parallax_ver with_overlay\" style=\" color: #ffffff;padding-top: 140px !important;padding-bottom: 60px !important;\"><div class=\"l-section-img\" style=\"background-image: url(https:\/\/www.satyanandayoga.com.br\/website\/wp-content\/uploads\/2016\/03\/12038497_842777575840939_6812061624273929699_n.jpg);\" data-img-width=\"960\" data-img-height=\"640\"><\/div><div class=\"l-section-overlay\" style=\"background-color: rgba(0,0,0,0.4)\"><\/div><div class=\"l-section-h i-cf\"><div class=\"g-cols offset_small\"><div class=\"vc_col-sm-12 wpb_column vc_column_container\"><div class=\"vc_column-inner\"><div class=\"wpb_text_column \"><div class=\"wpb_wrapper\">\n<h2 style=\"text-align: center; color: #ffffff; font-size: 40px;\">QUEM SOMOS<\/h2>\n<hr style=\"width: 80px; border: 1px solid #ffffff; margin: 10px auto;\">\n<p style=\"text-align: center; color: #ffffff; font-size: 18px;\">VEJA COMO \u00c9 F\u00c1CIL CHEGAR NA CASA DO GURU<\/p>\n<\/div> <\/div> <\/div><\/div><\/div><\/div><\/section><section class=\"l-section wpb_row height_medium\"><div class=\"l-section-h i-cf\"><div class=\"g-cols offset_small\"><div class=\"vc_col-sm-12 wpb_column vc_column_container\"><div class=\"vc_column-inner\"><div class=\"g-cols wpb_row offset_small vc_inner\"><div class=\"vc_col-sm-6 wpb_column vc_column_container\"><div class=\"vc_column-inner\"><div class=\"wpb_text_column \"><div class=\"wpb_wrapper\"><img loading=\"lazy\" decoding=\"async\" class=\"alignnone size-full wp-image-2613\" src=\"https:\/\/www.satyanandayoga.com.br\/website\/wp-content\/uploads\/2022\/03\/aviao-1.jpg\" alt=\"\" width=\"183\" height=\"53\" \/><br \/>\nO aeroporto mais pr\u00f3ximo \u00e9 o aeroporto de Confins.<\/p>\n<ul>\n<li>Pegar o\u00a0<strong><a href=\"http:\/\/www.conexaoaeroporto.com.br\/aeroporto-de-confins\" target=\"_blank\" rel=\"noopener\">\u00f4nibus conex\u00e3o<\/a><\/strong>\u00a0at\u00e9 o terminal rodovi\u00e1rio de Belo Horizonte.<\/li>\n<li>Do terminal rodovi\u00e1rio, pegar o \u00f4nibus da empresa\u00a0<strong><a href=\"http:\/\/www.saritur.com.br\/\" target=\"_blank\" rel=\"noopener\">Saritur<\/a><\/strong>\u00a0para Moeda e pedir o motorista para parar no vilarejo de Pedra Vermelha \u2013 MG.<\/li>\n<li>Do vilarejo, um carro do Centro pode lhe buscar. Solicite antecipadamente.<br \/>\n<em>* Ser\u00e1 cobrada uma pequena taxa.<\/em><\/li>\n<\/ul>\n<\/div> <\/div> <\/div><\/div><div class=\"vc_col-sm-6 wpb_column vc_column_container\"><div class=\"vc_column-inner\"><div class=\"wpb_text_column \"><div class=\"wpb_wrapper\"><img loading=\"lazy\" decoding=\"async\" class=\"size-full wp-image-2616 alignnone\" src=\"https:\/\/www.satyanandayoga.com.br\/website\/wp-content\/uploads\/2022\/03\/onibus-1.jpg\" alt=\"\" width=\"183\" height=\"53\" \/><\/p>\n<ul>\n<li>Do terminal rodovi\u00e1rio, pegar o \u00f4nibus da empresa\u00a0<strong><a href=\"http:\/\/www.saritur.com.br\/\" target=\"_blank\" rel=\"noopener\">Saritur<\/a><\/strong>\u00a0para Moeda e pedir o motorista para parar no vilarejo de Pedra Vermelha \u2013 MG.<\/li>\n<li>Do vilarejo, um carro do Centro pode lhe buscar. Solicite antecipadamente.<br \/>\n<em>* Ser\u00e1 cobrada uma pequena taxa.<\/em><\/li>\n<\/ul>\n<\/div> <\/div> <\/div><\/div><\/div><div class=\"g-cols wpb_row offset_small vc_inner\"><div class=\"vc_col-sm-6 wpb_column vc_column_container\"><div class=\"vc_column-inner\"><div class=\"wpb_text_column \"><div class=\"wpb_wrapper\"><img loading=\"lazy\" decoding=\"async\" class=\"alignnone size-full wp-image-2614\" src=\"https:\/\/www.satyanandayoga.com.br\/website\/wp-content\/uploads\/2022\/03\/carro-1.jpg\" alt=\"\" width=\"183\" height=\"53\" \/><\/p>\n<ul>\n<li>Sair de Belo Horizonte pela BR-040 em dire\u00e7\u00e3o ao Rio de Janeiro;<\/li>\n<li>Ainda nessa rodovia (BR-040), passar pelo trevo de Ouro Preto, Alphaville, Lagoa dos Ingleses e, por \u00faltimo, pela f\u00e1brica da Coca-Cola;<\/li>\n<li>Logo ap\u00f3s a sinaliza\u00e7\u00e3o \u201cPed\u00e1gio a 2 km\u201d, haver\u00e1 um radar. Imediatamente ap\u00f3s esse radar, entrar no trevo de Moeda;<\/li>\n<li>Dirigir por essa estrada (descendo a serra) por 9 km;<\/li>\n<li>Imediatamente ap\u00f3s passar pelo primeiro quebra-molas, virar \u00e0 primeira rua \u00e0 esquerda. Nesse quebra-molas h\u00e1 uma igreja que pode ser tida como refer\u00eancia;<\/li>\n<li>Seguir a indica\u00e7\u00e3o das placas amarelas escrito \u201cPousada\u201d;<\/li>\n<li>Ap\u00f3s a segunda grande placa com o mesmo escrito de \u201cPousada\u201d, dirigir por apenas 100 metros mais. A Casa do Guru estar\u00e1 a sua direita;<\/li>\n<li>O carro dever\u00e1 ser estacionado na \u00e1rea onde h\u00e1 um cruzeiro .<\/li>\n<\/ul>\n<\/div> <\/div> <\/div><\/div><div class=\"vc_col-sm-6 wpb_column vc_column_container\"><div class=\"vc_column-inner\"><div class=\"wpb_text_column \"><div class=\"wpb_wrapper\"><img loading=\"lazy\" decoding=\"async\" class=\"alignnone size-full wp-image-2615\" src=\"https:\/\/www.satyanandayoga.com.br\/website\/wp-content\/uploads\/2022\/03\/mapa-1.jpg\" alt=\"\" width=\"183\" height=\"53\" \/><\/p>\n<p><a ref=\"magnificPopup\" href=\"https:\/\/www.satyanandayoga.com.br\/website\/wp-content\/uploads\/2025\/06\/mapa-1024x672-1_alterado.png\"><img loading=\"lazy\" decoding=\"async\" class=\"alignnone wp-image-4368 size-full\" src=\"https:\/\/www.satyanandayoga.com.br\/website\/wp-content\/uploads\/2025\/06\/mapa-1024x672-1_alterado.png\" alt=\"\" width=\"1024\" height=\"672\" srcset=\"https:\/\/www.satyanandayoga.com.br\/website\/wp-content\/uploads\/2025\/06\/mapa-1024x672-1_alterado.png 1024w, https:\/\/www.satyanandayoga.com.br\/website\/wp-content\/uploads\/2025\/06\/mapa-1024x672-1_alterado-300x197.png 300w, https:\/\/www.satyanandayoga.com.br\/website\/wp-content\/uploads\/2025\/06\/mapa-1024x672-1_alterado-768x504.png 768w, https:\/\/www.satyanandayoga.com.br\/website\/wp-content\/uploads\/2025\/06\/mapa-1024x672-1_alterado-600x394.png 600w, https:\/\/www.satyanandayoga.com.br\/website\/wp-content\/uploads\/2025\/06\/mapa-1024x672-1_alterado-400x263.png 400w\" sizes=\"auto, (max-width: 1024px) 100vw, 1024px\" \/><\/a><\/div> <\/div> <\/div><\/div><\/div><\/div><\/div><\/div><\/div><\/section>\n","protected":false},"excerpt":{"rendered":"","protected":false},"author":1809,"featured_media":0,"parent":0,"menu_order":0,"comment_status":"closed","ping_status":"closed","template":"","meta":{"footnotes":""},"class_list":["post-425","page","type-page","status-publish","hentry"],"_links":{"self":[{"href":"https:\/\/www.satyanandayoga.com.br\/website\/wp-json\/wp\/v2\/pages\/425","targetHints":{"allow":["GET"]}}],"collection":[{"href":"https:\/\/www.satyanandayoga.com.br\/website\/wp-json\/wp\/v2\/pages"}],"about":[{"href":"https:\/\/www.satyanandayoga.com.br\/website\/wp-json\/wp\/v2\/types\/page"}],"author":[{"embeddable":true,"href":"https:\/\/www.satyanandayoga.com.br\/website\/wp-json\/wp\/v2\/users\/1809"}],"replies":[{"embeddable":true,"href":"https:\/\/www.satyanandayoga.com.br\/website\/wp-json\/wp\/v2\/comments?post=425"}],"version-history":[{"count":31,"href":"https:\/\/www.satyanandayoga.com.br\/website\/wp-json\/wp\/v2\/pages\/425\/revisions"}],"predecessor-version":[{"id":4380,"href":"https:\/\/www.satyanandayoga.com.br\/website\/wp-json\/wp\/v2\/pages\/425\/revisions\/4380"}],"wp:attachment":[{"href":"https:\/\/www.satyanandayoga.com.br\/website\/wp-json\/wp\/v2\/media?parent=425"}],"curies":[{"name":"wp","href":"https:\/\/api.w.org\/{rel}","templated":true}]}}