{"id":538,"date":"2016-03-28T13:33:31","date_gmt":"2016-03-28T13:33:31","guid":{"rendered":"http:\/\/umpra20.com.br\/satyananda\/?page_id=538"},"modified":"2024-02-07T11:12:24","modified_gmt":"2024-02-07T14:12:24","slug":"retiros-de-yoga","status":"publish","type":"page","link":"https:\/\/www.satyanandayoga.com.br\/website\/retiros-de-yoga\/","title":{"rendered":"Retiros de Yoga"},"content":{"rendered":"<section class=\"l-section wpb_row height_medium color_custom with_img parallax_ver with_overlay\" style=\" color: #ffffff;\"><div class=\"l-section-img\" style=\"background-image: url(https:\/\/www.satyanandayoga.com.br\/website\/wp-content\/uploads\/2016\/03\/12038497_842777575840939_6812061624273929699_n.jpg);\" data-img-width=\"960\" data-img-height=\"640\"><\/div><div class=\"l-section-overlay\" style=\"background-color: rgba(0,0,0,0.4)\"><\/div><div class=\"l-section-h i-cf\"><div class=\"g-cols offset_small\"><div class=\"vc_col-sm-12 wpb_column vc_column_container\"><div class=\"vc_column-inner\"><div class=\"w-separator type_invisible size_large thick_1 style_solid color_border cont_none\"><span class=\"w-separator-h\"><\/span><\/div><div class=\"wpb_text_column \"><div class=\"wpb_wrapper\">\n<h1 style=\"text-align: center; font-weight: 300;\">ATIVIDADES EXTRAS<\/h1>\n<\/div> <\/div> <div class=\"w-separator type_default size_small thick_1 style_solid color_border cont_text\"><span class=\"w-separator-h\"><h6>OUTRAS ATIVIDADES DO SATYANANDA YOGA CENTER<\/h6><\/span><\/div><div class=\"w-separator type_invisible size_huge thick_1 style_solid color_border cont_none\"><span class=\"w-separator-h\"><\/span><\/div><\/div><\/div><\/div><\/div><\/section><section class=\"l-section wpb_row height_medium\"><div class=\"l-section-h i-cf\"><div class=\"g-cols offset_small\"><div class=\"vc_col-sm-6 wpb_column vc_column_container\"><div class=\"vc_column-inner\"><div class=\"w-image \"><img loading=\"lazy\" decoding=\"async\" width=\"800\" height=\"533\" src=\"https:\/\/www.satyanandayoga.com.br\/website\/wp-content\/uploads\/2016\/03\/retiros1.jpg\" class=\"attachment-full size-full\" alt=\"\" srcset=\"https:\/\/www.satyanandayoga.com.br\/website\/wp-content\/uploads\/2016\/03\/retiros1.jpg 800w, https:\/\/www.satyanandayoga.com.br\/website\/wp-content\/uploads\/2016\/03\/retiros1-400x267.jpg 400w, https:\/\/www.satyanandayoga.com.br\/website\/wp-content\/uploads\/2016\/03\/retiros1-300x200.jpg 300w, https:\/\/www.satyanandayoga.com.br\/website\/wp-content\/uploads\/2016\/03\/retiros1-600x400.jpg 600w, https:\/\/www.satyanandayoga.com.br\/website\/wp-content\/uploads\/2016\/03\/retiros1-150x100.jpg 150w\" sizes=\"auto, (max-width: 800px) 100vw, 800px\" \/><\/div><\/div><\/div><div class=\"vc_col-sm-6 wpb_column vc_column_container\"><div class=\"vc_column-inner\"><div class=\"wpb_text_column \"><div class=\"wpb_wrapper\">\n<h5 style=\"margin-bottom: 10px;\">RETIROS DE YOGA<\/h5>\n<p>Estes retiros s\u00e3o momentos de imers\u00e3o na pr\u00e1tica e filosofia do Yoga, propiciando ao participante um avan\u00e7o no seu entendimento sobre o Yoga e sua influ\u00eancias no corpo e na mente. Al\u00e9m disso, por acontecerem pr\u00f3ximos \u00e0 natureza, o praticante renova suas energias e ganha inspira\u00e7\u00e3o para uma atua\u00e7\u00e3o mais consciente e saud\u00e1vel na vida.<\/div> <\/div> <div class=\"w-gallery layout_default cols_3 with_indents style_simple link_media\"><div class=\"w-gallery-list\"><a class=\"w-gallery-item order_1\" href=\"https:\/\/www.satyanandayoga.com.br\/website\/wp-content\/uploads\/2016\/03\/Retiros-de-Yoga.jpg\" title=\"Retiros de Yoga\"><div class=\"w-gallery-item-img\"><img loading=\"lazy\" decoding=\"async\" width=\"600\" height=\"400\" src=\"https:\/\/www.satyanandayoga.com.br\/website\/wp-content\/uploads\/2016\/03\/Retiros-de-Yoga.jpg\" class=\"attachment-tnail-1x1 size-tnail-1x1\" alt=\"\" srcset=\"https:\/\/www.satyanandayoga.com.br\/website\/wp-content\/uploads\/2016\/03\/Retiros-de-Yoga.jpg 960w, https:\/\/www.satyanandayoga.com.br\/website\/wp-content\/uploads\/2016\/03\/Retiros-de-Yoga-400x267.jpg 400w, https:\/\/www.satyanandayoga.com.br\/website\/wp-content\/uploads\/2016\/03\/Retiros-de-Yoga-300x200.jpg 300w, https:\/\/www.satyanandayoga.com.br\/website\/wp-content\/uploads\/2016\/03\/Retiros-de-Yoga-600x400.jpg 600w, https:\/\/www.satyanandayoga.com.br\/website\/wp-content\/uploads\/2016\/03\/Retiros-de-Yoga-150x100.jpg 150w\" sizes=\"auto, (max-width: 600px) 100vw, 600px\" \/><\/div><\/a><a class=\"w-gallery-item order_2\" href=\"https:\/\/www.satyanandayoga.com.br\/website\/wp-content\/uploads\/2016\/03\/Retiros-de-Yoga-2.jpg\" title=\"Retiros de Yoga 2\"><div class=\"w-gallery-item-img\"><img loading=\"lazy\" decoding=\"async\" width=\"600\" height=\"400\" src=\"https:\/\/www.satyanandayoga.com.br\/website\/wp-content\/uploads\/2016\/03\/Retiros-de-Yoga-2.jpg\" class=\"attachment-tnail-1x1 size-tnail-1x1\" alt=\"\" srcset=\"https:\/\/www.satyanandayoga.com.br\/website\/wp-content\/uploads\/2016\/03\/Retiros-de-Yoga-2.jpg 960w, https:\/\/www.satyanandayoga.com.br\/website\/wp-content\/uploads\/2016\/03\/Retiros-de-Yoga-2-400x267.jpg 400w, https:\/\/www.satyanandayoga.com.br\/website\/wp-content\/uploads\/2016\/03\/Retiros-de-Yoga-2-300x200.jpg 300w, https:\/\/www.satyanandayoga.com.br\/website\/wp-content\/uploads\/2016\/03\/Retiros-de-Yoga-2-600x400.jpg 600w, https:\/\/www.satyanandayoga.com.br\/website\/wp-content\/uploads\/2016\/03\/Retiros-de-Yoga-2-150x100.jpg 150w\" sizes=\"auto, (max-width: 600px) 100vw, 600px\" \/><\/div><\/a><\/div><\/div>\n<\/div><\/div><\/div><\/div><\/section>\n","protected":false},"excerpt":{"rendered":"","protected":false},"author":1809,"featured_media":0,"parent":0,"menu_order":0,"comment_status":"closed","ping_status":"closed","template":"","meta":{"footnotes":""},"class_list":["post-538","page","type-page","status-publish","hentry"],"_links":{"self":[{"href":"https:\/\/www.satyanandayoga.com.br\/website\/wp-json\/wp\/v2\/pages\/538","targetHints":{"allow":["GET"]}}],"collection":[{"href":"https:\/\/www.satyanandayoga.com.br\/website\/wp-json\/wp\/v2\/pages"}],"about":[{"href":"https:\/\/www.satyanandayoga.com.br\/website\/wp-json\/wp\/v2\/types\/page"}],"author":[{"embeddable":true,"href":"https:\/\/www.satyanandayoga.com.br\/website\/wp-json\/wp\/v2\/users\/1809"}],"replies":[{"embeddable":true,"href":"https:\/\/www.satyanandayoga.com.br\/website\/wp-json\/wp\/v2\/comments?post=538"}],"version-history":[{"count":1,"href":"https:\/\/www.satyanandayoga.com.br\/website\/wp-json\/wp\/v2\/pages\/538\/revisions"}],"predecessor-version":[{"id":3759,"href":"https:\/\/www.satyanandayoga.com.br\/website\/wp-json\/wp\/v2\/pages\/538\/revisions\/3759"}],"wp:attachment":[{"href":"https:\/\/www.satyanandayoga.com.br\/website\/wp-json\/wp\/v2\/media?parent=538"}],"curies":[{"name":"wp","href":"https:\/\/api.w.org\/{rel}","templated":true}]}}