{"id":549,"date":"2016-03-28T14:01:36","date_gmt":"2016-03-28T14:01:36","guid":{"rendered":"http:\/\/umpra20.com.br\/satyananda\/?page_id=549"},"modified":"2024-11-18T16:44:43","modified_gmt":"2024-11-18T19:44:43","slug":"curso-de-aprofundamento","status":"publish","type":"page","link":"https:\/\/www.satyanandayoga.com.br\/website\/curso-de-aprofundamento\/","title":{"rendered":"Curso de Aprofundamento"},"content":{"rendered":"<section class=\"l-section wpb_row height_medium color_custom with_img parallax_ver with_overlay\" style=\" color: #ffffff;\"><div class=\"l-section-img\" style=\"background-image: url(https:\/\/www.satyanandayoga.com.br\/website\/wp-content\/uploads\/2016\/03\/12038497_842777575840939_6812061624273929699_n.jpg);\" data-img-width=\"960\" data-img-height=\"640\"><\/div><div class=\"l-section-overlay\" style=\"background-color: rgba(0,0,0,0.4)\"><\/div><div class=\"l-section-h i-cf\"><div class=\"g-cols offset_small valign_middle\"><div class=\"vc_col-sm-12 wpb_column vc_column_container color_custom\" style=\"color:#bc8c2b;\"><div class=\"vc_column-inner\"><div class=\"wpb_text_column \"><div class=\"wpb_wrapper\">\n<h5 style=\"text-align: center;\">CURSO DE ESTUDOS E FORMA\u00c7\u00c3O EM YOGA<\/h5>\n<\/div> <\/div> <\/div><\/div><\/div><\/div><\/section><section class=\"l-section wpb_row height_medium\"><div class=\"l-section-h i-cf\"><div class=\"g-cols offset_small\"><div class=\"vc_col-sm-12 wpb_column vc_column_container\"><div class=\"vc_column-inner\"><div class=\"g-cols wpb_row offset_small valign_top vc_inner\"><div class=\"vc_col-sm-6 wpb_column vc_column_container\"><div class=\"vc_column-inner\"><div class=\"wpb_text_column \"><div class=\"wpb_wrapper\"><div style=\"width: 1500px;\" class=\"wp-video\"><video class=\"wp-video-shortcode\" id=\"video-549-1\" width=\"1500\" height=\"1125\" preload=\"metadata\" controls=\"controls\"><source type=\"video\/mp4\" src=\"https:\/\/satyanandayoga.com.br\/website\/wp-content\/uploads\/2020\/07\/CURSO-FORMA\u00c7\u00c3O-set2020.mp4?_=1\" \/><a href=\"https:\/\/satyanandayoga.com.br\/website\/wp-content\/uploads\/2020\/07\/CURSO-FORMA\u00c7\u00c3O-set2020.mp4\">https:\/\/satyanandayoga.com.br\/website\/wp-content\/uploads\/2020\/07\/CURSO-FORMA\u00c7\u00c3O-set2020.mp4<\/a><\/video><\/div><\/div> <\/div> <\/div><\/div><div class=\"vc_col-sm-6 wpb_column vc_column_container\"><div class=\"vc_column-inner\"><div class=\"wpb_text_column \"><div class=\"wpb_wrapper\"><p>Para pessoas que desejam apenas aprofundar seus conhecimentos de Yoga ou queiram se instrumentalizar para ser professores de Yoga.<\/p>\n<p>Este curso tem como objetivos:<\/p>\n<p>\u2022 Proporcionar aos participantes um estudo profundo e consistente sobre a teoria e a pr\u00e1tica do Yoga.<br \/>\n\u2022 Possibilitar a organiza\u00e7\u00e3o de um processo de pr\u00e1tica (Sadhana) pessoal que leve o participante a descoberta e de suas potencialidades.<br \/>\n\u2022 Formar professores de Yoga capazes de transmitir este m\u00e9todo milenar com base numa tradi\u00e7\u00e3o e ao mesmo tempo com uma vis\u00e3o moderna e abrangente.<br \/>\n\u2022 Divulgar o Sistema Satyananda Yoga \u2013 Bihar School of Yoga \/ \u00cdndia.<\/p>\n<div dir=\"ltr\">\n<p>Saiba mais: <a href=\"https:\/\/drive.google.com\/file\/d\/1kkIxFEQlrzcS6KWqf8agXCjxkL7sH9kE\/view\">CLIQUE AQUI<\/a><\/p>\n<\/div>\n<\/p><\/div> <\/div> <\/div><\/div><\/div><div class=\"g-cols wpb_row offset_small valign_top vc_inner\"><div class=\"vc_col-sm-2 wpb_column vc_column_container\"><div class=\"vc_column-inner\"><\/div><\/div><div class=\"vc_col-sm-8 wpb_column vc_column_container\"><div class=\"vc_column-inner\"><div class=\"wpb_text_column \"><div class=\"wpb_wrapper\">\n<p style=\"text-align: center;\"><div class=\"w-image \"><img loading=\"lazy\" decoding=\"async\" width=\"800\" height=\"533\" src=\"https:\/\/www.satyanandayoga.com.br\/website\/wp-content\/uploads\/2016\/03\/aprofundamento.jpg\" class=\"attachment-full size-full\" alt=\"\" srcset=\"https:\/\/www.satyanandayoga.com.br\/website\/wp-content\/uploads\/2016\/03\/aprofundamento.jpg 800w, https:\/\/www.satyanandayoga.com.br\/website\/wp-content\/uploads\/2016\/03\/aprofundamento-400x267.jpg 400w, https:\/\/www.satyanandayoga.com.br\/website\/wp-content\/uploads\/2016\/03\/aprofundamento-300x200.jpg 300w, https:\/\/www.satyanandayoga.com.br\/website\/wp-content\/uploads\/2016\/03\/aprofundamento-600x400.jpg 600w, https:\/\/www.satyanandayoga.com.br\/website\/wp-content\/uploads\/2016\/03\/aprofundamento-150x100.jpg 150w\" sizes=\"auto, (max-width: 800px) 100vw, 800px\" \/><\/div><div class=\"w-gallery layout_default cols_4 with_indents style_simple link_media\"><div class=\"w-gallery-list\"><a class=\"w-gallery-item order_1\" href=\"https:\/\/www.satyanandayoga.com.br\/website\/wp-content\/uploads\/2016\/03\/10155037_796058137179550_7011450340111947895_n.jpg\" title=\"10155037_796058137179550_7011450340111947895_n\"><div class=\"w-gallery-item-img\"><img loading=\"lazy\" decoding=\"async\" width=\"350\" height=\"233\" src=\"https:\/\/www.satyanandayoga.com.br\/website\/wp-content\/uploads\/2016\/03\/10155037_796058137179550_7011450340111947895_n.jpg\" class=\"attachment-tnail-1x1-small size-tnail-1x1-small\" alt=\"\" srcset=\"https:\/\/www.satyanandayoga.com.br\/website\/wp-content\/uploads\/2016\/03\/10155037_796058137179550_7011450340111947895_n.jpg 960w, https:\/\/www.satyanandayoga.com.br\/website\/wp-content\/uploads\/2016\/03\/10155037_796058137179550_7011450340111947895_n-400x267.jpg 400w, https:\/\/www.satyanandayoga.com.br\/website\/wp-content\/uploads\/2016\/03\/10155037_796058137179550_7011450340111947895_n-300x200.jpg 300w, https:\/\/www.satyanandayoga.com.br\/website\/wp-content\/uploads\/2016\/03\/10155037_796058137179550_7011450340111947895_n-600x400.jpg 600w, https:\/\/www.satyanandayoga.com.br\/website\/wp-content\/uploads\/2016\/03\/10155037_796058137179550_7011450340111947895_n-150x100.jpg 150w\" sizes=\"auto, (max-width: 350px) 100vw, 350px\" \/><\/div><\/a><a class=\"w-gallery-item order_2\" href=\"https:\/\/www.satyanandayoga.com.br\/website\/wp-content\/uploads\/2016\/03\/10486957_796057983846232_853348329207088915_n.jpg\" title=\"10486957_796057983846232_853348329207088915_n\"><div class=\"w-gallery-item-img\"><img loading=\"lazy\" decoding=\"async\" width=\"350\" height=\"233\" src=\"https:\/\/www.satyanandayoga.com.br\/website\/wp-content\/uploads\/2016\/03\/10486957_796057983846232_853348329207088915_n.jpg\" class=\"attachment-tnail-1x1-small size-tnail-1x1-small\" alt=\"\" srcset=\"https:\/\/www.satyanandayoga.com.br\/website\/wp-content\/uploads\/2016\/03\/10486957_796057983846232_853348329207088915_n.jpg 960w, https:\/\/www.satyanandayoga.com.br\/website\/wp-content\/uploads\/2016\/03\/10486957_796057983846232_853348329207088915_n-400x267.jpg 400w, https:\/\/www.satyanandayoga.com.br\/website\/wp-content\/uploads\/2016\/03\/10486957_796057983846232_853348329207088915_n-300x200.jpg 300w, https:\/\/www.satyanandayoga.com.br\/website\/wp-content\/uploads\/2016\/03\/10486957_796057983846232_853348329207088915_n-600x400.jpg 600w, https:\/\/www.satyanandayoga.com.br\/website\/wp-content\/uploads\/2016\/03\/10486957_796057983846232_853348329207088915_n-150x100.jpg 150w\" sizes=\"auto, (max-width: 350px) 100vw, 350px\" \/><\/div><\/a><a class=\"w-gallery-item order_3\" href=\"https:\/\/www.satyanandayoga.com.br\/website\/wp-content\/uploads\/2016\/03\/11107720_796057760512921_4205543358278229669_n.jpg\" title=\"11107720_796057760512921_4205543358278229669_n\"><div class=\"w-gallery-item-img\"><img loading=\"lazy\" decoding=\"async\" width=\"350\" height=\"233\" src=\"https:\/\/www.satyanandayoga.com.br\/website\/wp-content\/uploads\/2016\/03\/11107720_796057760512921_4205543358278229669_n.jpg\" class=\"attachment-tnail-1x1-small size-tnail-1x1-small\" alt=\"\" srcset=\"https:\/\/www.satyanandayoga.com.br\/website\/wp-content\/uploads\/2016\/03\/11107720_796057760512921_4205543358278229669_n.jpg 960w, https:\/\/www.satyanandayoga.com.br\/website\/wp-content\/uploads\/2016\/03\/11107720_796057760512921_4205543358278229669_n-400x267.jpg 400w, https:\/\/www.satyanandayoga.com.br\/website\/wp-content\/uploads\/2016\/03\/11107720_796057760512921_4205543358278229669_n-300x200.jpg 300w, https:\/\/www.satyanandayoga.com.br\/website\/wp-content\/uploads\/2016\/03\/11107720_796057760512921_4205543358278229669_n-600x400.jpg 600w, https:\/\/www.satyanandayoga.com.br\/website\/wp-content\/uploads\/2016\/03\/11107720_796057760512921_4205543358278229669_n-150x100.jpg 150w\" sizes=\"auto, (max-width: 350px) 100vw, 350px\" \/><\/div><\/a><a class=\"w-gallery-item order_4\" href=\"https:\/\/www.satyanandayoga.com.br\/website\/wp-content\/uploads\/2016\/03\/11178229_769154746536556_5000714219135412504_n.jpg\" title=\"11178229_769154746536556_5000714219135412504_n\"><div class=\"w-gallery-item-img\"><img loading=\"lazy\" decoding=\"async\" width=\"350\" height=\"233\" src=\"https:\/\/www.satyanandayoga.com.br\/website\/wp-content\/uploads\/2016\/03\/11178229_769154746536556_5000714219135412504_n.jpg\" class=\"attachment-tnail-1x1-small size-tnail-1x1-small\" alt=\"\" srcset=\"https:\/\/www.satyanandayoga.com.br\/website\/wp-content\/uploads\/2016\/03\/11178229_769154746536556_5000714219135412504_n.jpg 960w, https:\/\/www.satyanandayoga.com.br\/website\/wp-content\/uploads\/2016\/03\/11178229_769154746536556_5000714219135412504_n-400x267.jpg 400w, https:\/\/www.satyanandayoga.com.br\/website\/wp-content\/uploads\/2016\/03\/11178229_769154746536556_5000714219135412504_n-300x200.jpg 300w, https:\/\/www.satyanandayoga.com.br\/website\/wp-content\/uploads\/2016\/03\/11178229_769154746536556_5000714219135412504_n-600x400.jpg 600w, https:\/\/www.satyanandayoga.com.br\/website\/wp-content\/uploads\/2016\/03\/11178229_769154746536556_5000714219135412504_n-150x100.jpg 150w\" sizes=\"auto, (max-width: 350px) 100vw, 350px\" \/><\/div><\/a><a class=\"w-gallery-item order_5\" href=\"https:\/\/www.satyanandayoga.com.br\/website\/wp-content\/uploads\/2016\/03\/11215114_796058517179512_8808507363340025330_n.jpg\" title=\"11215114_796058517179512_8808507363340025330_n\"><div class=\"w-gallery-item-img\"><img loading=\"lazy\" decoding=\"async\" width=\"350\" height=\"233\" src=\"https:\/\/www.satyanandayoga.com.br\/website\/wp-content\/uploads\/2016\/03\/11215114_796058517179512_8808507363340025330_n.jpg\" class=\"attachment-tnail-1x1-small size-tnail-1x1-small\" alt=\"\" srcset=\"https:\/\/www.satyanandayoga.com.br\/website\/wp-content\/uploads\/2016\/03\/11215114_796058517179512_8808507363340025330_n.jpg 960w, https:\/\/www.satyanandayoga.com.br\/website\/wp-content\/uploads\/2016\/03\/11215114_796058517179512_8808507363340025330_n-400x267.jpg 400w, https:\/\/www.satyanandayoga.com.br\/website\/wp-content\/uploads\/2016\/03\/11215114_796058517179512_8808507363340025330_n-300x200.jpg 300w, https:\/\/www.satyanandayoga.com.br\/website\/wp-content\/uploads\/2016\/03\/11215114_796058517179512_8808507363340025330_n-600x400.jpg 600w, https:\/\/www.satyanandayoga.com.br\/website\/wp-content\/uploads\/2016\/03\/11215114_796058517179512_8808507363340025330_n-150x100.jpg 150w\" sizes=\"auto, (max-width: 350px) 100vw, 350px\" \/><\/div><\/a><a class=\"w-gallery-item order_6\" href=\"https:\/\/www.satyanandayoga.com.br\/website\/wp-content\/uploads\/2016\/03\/11536047_796058340512863_2718358121595100488_n.jpg\" title=\"11536047_796058340512863_2718358121595100488_n\"><div class=\"w-gallery-item-img\"><img loading=\"lazy\" decoding=\"async\" width=\"350\" height=\"233\" src=\"https:\/\/www.satyanandayoga.com.br\/website\/wp-content\/uploads\/2016\/03\/11536047_796058340512863_2718358121595100488_n.jpg\" class=\"attachment-tnail-1x1-small size-tnail-1x1-small\" alt=\"\" srcset=\"https:\/\/www.satyanandayoga.com.br\/website\/wp-content\/uploads\/2016\/03\/11536047_796058340512863_2718358121595100488_n.jpg 960w, https:\/\/www.satyanandayoga.com.br\/website\/wp-content\/uploads\/2016\/03\/11536047_796058340512863_2718358121595100488_n-400x267.jpg 400w, https:\/\/www.satyanandayoga.com.br\/website\/wp-content\/uploads\/2016\/03\/11536047_796058340512863_2718358121595100488_n-300x200.jpg 300w, https:\/\/www.satyanandayoga.com.br\/website\/wp-content\/uploads\/2016\/03\/11536047_796058340512863_2718358121595100488_n-600x400.jpg 600w, https:\/\/www.satyanandayoga.com.br\/website\/wp-content\/uploads\/2016\/03\/11536047_796058340512863_2718358121595100488_n-150x100.jpg 150w\" sizes=\"auto, (max-width: 350px) 100vw, 350px\" \/><\/div><\/a><a class=\"w-gallery-item order_7\" href=\"https:\/\/www.satyanandayoga.com.br\/website\/wp-content\/uploads\/2016\/03\/12814447_919715284813834_2033446542244872692_n.jpg\" title=\"12814447_919715284813834_2033446542244872692_n\"><div class=\"w-gallery-item-img\"><img loading=\"lazy\" decoding=\"async\" width=\"350\" height=\"233\" src=\"https:\/\/www.satyanandayoga.com.br\/website\/wp-content\/uploads\/2016\/03\/12814447_919715284813834_2033446542244872692_n.jpg\" class=\"attachment-tnail-1x1-small size-tnail-1x1-small\" alt=\"\" srcset=\"https:\/\/www.satyanandayoga.com.br\/website\/wp-content\/uploads\/2016\/03\/12814447_919715284813834_2033446542244872692_n.jpg 960w, https:\/\/www.satyanandayoga.com.br\/website\/wp-content\/uploads\/2016\/03\/12814447_919715284813834_2033446542244872692_n-400x267.jpg 400w, https:\/\/www.satyanandayoga.com.br\/website\/wp-content\/uploads\/2016\/03\/12814447_919715284813834_2033446542244872692_n-300x200.jpg 300w, https:\/\/www.satyanandayoga.com.br\/website\/wp-content\/uploads\/2016\/03\/12814447_919715284813834_2033446542244872692_n-600x400.jpg 600w, https:\/\/www.satyanandayoga.com.br\/website\/wp-content\/uploads\/2016\/03\/12814447_919715284813834_2033446542244872692_n-150x100.jpg 150w\" sizes=\"auto, (max-width: 350px) 100vw, 350px\" \/><\/div><\/a><a class=\"w-gallery-item order_8\" href=\"https:\/\/www.satyanandayoga.com.br\/website\/wp-content\/uploads\/2016\/03\/12832426_919714071480622_3760270458932029177_n.jpg\" title=\"12832426_919714071480622_3760270458932029177_n\"><div class=\"w-gallery-item-img\"><img loading=\"lazy\" decoding=\"async\" width=\"350\" height=\"233\" src=\"https:\/\/www.satyanandayoga.com.br\/website\/wp-content\/uploads\/2016\/03\/12832426_919714071480622_3760270458932029177_n.jpg\" class=\"attachment-tnail-1x1-small size-tnail-1x1-small\" alt=\"\" srcset=\"https:\/\/www.satyanandayoga.com.br\/website\/wp-content\/uploads\/2016\/03\/12832426_919714071480622_3760270458932029177_n.jpg 960w, https:\/\/www.satyanandayoga.com.br\/website\/wp-content\/uploads\/2016\/03\/12832426_919714071480622_3760270458932029177_n-400x267.jpg 400w, https:\/\/www.satyanandayoga.com.br\/website\/wp-content\/uploads\/2016\/03\/12832426_919714071480622_3760270458932029177_n-300x200.jpg 300w, https:\/\/www.satyanandayoga.com.br\/website\/wp-content\/uploads\/2016\/03\/12832426_919714071480622_3760270458932029177_n-600x400.jpg 600w, https:\/\/www.satyanandayoga.com.br\/website\/wp-content\/uploads\/2016\/03\/12832426_919714071480622_3760270458932029177_n-150x100.jpg 150w\" sizes=\"auto, (max-width: 350px) 100vw, 350px\" \/><\/div><\/a><\/div><\/div>\n\n<\/div> <\/div> <\/div><\/div><div class=\"vc_col-sm-2 wpb_column vc_column_container\"><div class=\"vc_column-inner\"><\/div><\/div><\/div><\/div><\/div><\/div><\/div><\/section>\n","protected":false},"excerpt":{"rendered":"","protected":false},"author":1809,"featured_media":0,"parent":0,"menu_order":0,"comment_status":"closed","ping_status":"closed","template":"","meta":{"footnotes":""},"class_list":["post-549","page","type-page","status-publish","hentry"],"_links":{"self":[{"href":"https:\/\/www.satyanandayoga.com.br\/website\/wp-json\/wp\/v2\/pages\/549","targetHints":{"allow":["GET"]}}],"collection":[{"href":"https:\/\/www.satyanandayoga.com.br\/website\/wp-json\/wp\/v2\/pages"}],"about":[{"href":"https:\/\/www.satyanandayoga.com.br\/website\/wp-json\/wp\/v2\/types\/page"}],"author":[{"embeddable":true,"href":"https:\/\/www.satyanandayoga.com.br\/website\/wp-json\/wp\/v2\/users\/1809"}],"replies":[{"embeddable":true,"href":"https:\/\/www.satyanandayoga.com.br\/website\/wp-json\/wp\/v2\/comments?post=549"}],"version-history":[{"count":20,"href":"https:\/\/www.satyanandayoga.com.br\/website\/wp-json\/wp\/v2\/pages\/549\/revisions"}],"predecessor-version":[{"id":4131,"href":"https:\/\/www.satyanandayoga.com.br\/website\/wp-json\/wp\/v2\/pages\/549\/revisions\/4131"}],"wp:attachment":[{"href":"https:\/\/www.satyanandayoga.com.br\/website\/wp-json\/wp\/v2\/media?parent=549"}],"curies":[{"name":"wp","href":"https:\/\/api.w.org\/{rel}","templated":true}]}}