{"id":99,"date":"2015-08-19T22:00:27","date_gmt":"2015-08-19T22:00:27","guid":{"rendered":"http:\/\/umpra20.com.br\/satyananda\/?page_id=99"},"modified":"2025-06-13T23:23:10","modified_gmt":"2025-06-14T02:23:10","slug":"nosso-espaco","status":"publish","type":"page","link":"https:\/\/www.satyanandayoga.com.br\/website\/nosso-espaco\/","title":{"rendered":"A CASA DO GURU"},"content":{"rendered":"<section class=\"l-section wpb_row height_medium color_custom with_img parallax_ver with_overlay\" style=\" color: #ffffff;padding-top: 140px !important;padding-bottom: 60px !important;\"><div class=\"l-section-img\" style=\"background-image: url(https:\/\/www.satyanandayoga.com.br\/website\/wp-content\/uploads\/2015\/08\/113.jpg);\" data-img-width=\"1000\" data-img-height=\"667\"><\/div><div class=\"l-section-overlay\" style=\"background-color: rgba(0,0,0,0.4)\"><\/div><div class=\"l-section-h i-cf\"><div class=\"g-cols offset_small\"><div class=\"vc_col-sm-12 wpb_column vc_column_container\"><div class=\"vc_column-inner\"><div class=\"wpb_text_column \"><div class=\"wpb_wrapper\">\n<h2 style=\"text-align: center; color: #ffffff; font-size: 40px;\">QUEM SOMOS<\/h2>\n<hr style=\"width: 80px; border: 1px solid #ffffff; margin: 10px auto;\">\n<p style=\"text-align: center; color: #ffffff; font-size: 18px;\">CENTRO DE ESTUDOS E ESTILO DE VIDA YOGI<\/p>\n<\/div> <\/div> <\/div><\/div><\/div><\/div><\/section><section class=\"l-section wpb_row height_medium\"><div class=\"l-section-h i-cf\"><div class=\"g-cols offset_small\"><div class=\"vc_col-sm-12 wpb_column vc_column_container\"><div class=\"vc_column-inner\"><div class=\"g-cols wpb_row offset_small vc_inner\"><div class=\"vc_col-sm-6 wpb_column vc_column_container\"><div class=\"vc_column-inner\"><div class=\"wpb_text_column \"><div class=\"wpb_wrapper\"><p>A Casa do Guru \u00e9 um espa\u00e7o que segue os princ\u00edpios filos\u00f3ficos do Yoga disseminados pela Bihar School of Yoga \u2013 \u00cdndia, sendo um local prop\u00edcio para uma experi\u00eancia mais profunda com o universo do Yoga, do Tantra e outras filosofias afins.<\/p>\n<p>Ao interagir com a rotina desse centro \u2013 em momentos que v\u00e3o da pr\u00e1tica sistem\u00e1tica do Yoga ao trabalho comunit\u00e1rio consciente e focado, em constante processo de auto-estudo, o visitante tem a possibilidade de se deparar com os tra\u00e7os de sua pr\u00f3pria natureza que at\u00e9 ent\u00e3o podiam lhe passar desapercebidos.<\/p><\/div> <\/div> <\/div><\/div><div class=\"vc_col-sm-6 wpb_column vc_column_container\"><div class=\"vc_column-inner\"><div class=\"wpb_text_column \"><div class=\"wpb_wrapper\"><p>A partir da intera\u00e7\u00e3o consciente consigo, com os outros que compartilham a rotina do centro e com o espa\u00e7o em si, em um ambiente que convida ao mergulho interior, o visitante se engaja em um processo de autotransforma\u00e7\u00e3o e de positivar a sua vida nas suas mais distintas esferas.<\/p>\n<p>Alinhado com essa dimens\u00e3o, a Casa do Guru \u00e9 um espa\u00e7o para viv\u00eancias de ecologia, de experi\u00eancias educativas, de pr\u00e1ticas de sa\u00fade e de evoca\u00e7\u00e3o de todas as nossas potencialidades criativas.<\/p>\n<p><strong>Todo s\u00e1bado \u00e0s 18:00 horas temos a pr\u00e1tica do\u00a0<a href=\"https:\/\/www.satyanandayoga.com.br\/website\/celebracoes\/\">Maha Mrityunjaya Mantra<\/a>\u00a0acompanhado da cerim\u00f4nia do Fogo.<\/strong><\/p><\/div> <\/div> <\/div><\/div><\/div><div class=\"g-cols wpb_row offset_small vc_inner\"><div class=\"vc_col-sm-12 wpb_column vc_column_container\"><div class=\"vc_column-inner\"><div class=\"w-separator type_default size_medium thick_1 style_solid color_border cont_none\"><span class=\"w-separator-h\"><\/span><\/div><\/div><\/div><\/div><div class=\"g-cols wpb_row offset_small vc_inner\"><div class=\"vc_col-sm-12 wpb_column vc_column_container\"><div class=\"vc_column-inner\"><div class=\"wpb_text_column \"><div class=\"wpb_wrapper\">\n<p style=\"text-align: center; font-size: 19px;\">Nosso espa\u00e7o foi carinhosamente pensado e preparado para te acolher num ambiente<br \/>\nque sugere simplicidade, relaxamento e aconchego.<\/p>\n<\/div> <\/div> <div class=\"w-gallery layout_default cols_4 with_indents style_simple link_media\"><div class=\"w-gallery-list\"><a class=\"w-gallery-item order_1\" href=\"https:\/\/www.satyanandayoga.com.br\/website\/wp-content\/uploads\/2022\/03\/gal1.jpg\" title=\"gal1\"><div class=\"w-gallery-item-img\"><img loading=\"lazy\" decoding=\"async\" width=\"350\" height=\"350\" src=\"https:\/\/www.satyanandayoga.com.br\/website\/wp-content\/uploads\/2022\/03\/gal1-350x350.jpg\" class=\"attachment-tnail-1x1-small size-tnail-1x1-small\" alt=\"\" srcset=\"https:\/\/www.satyanandayoga.com.br\/website\/wp-content\/uploads\/2022\/03\/gal1-350x350.jpg 350w, https:\/\/www.satyanandayoga.com.br\/website\/wp-content\/uploads\/2022\/03\/gal1-150x150.jpg 150w, https:\/\/www.satyanandayoga.com.br\/website\/wp-content\/uploads\/2022\/03\/gal1-600x600.jpg 600w, https:\/\/www.satyanandayoga.com.br\/website\/wp-content\/uploads\/2022\/03\/gal1-100x100.jpg 100w\" sizes=\"auto, (max-width: 350px) 100vw, 350px\" \/><\/div><\/a><a class=\"w-gallery-item order_2\" href=\"https:\/\/www.satyanandayoga.com.br\/website\/wp-content\/uploads\/2022\/03\/gal2.jpg\" title=\"gal2\"><div class=\"w-gallery-item-img\"><img loading=\"lazy\" decoding=\"async\" width=\"350\" height=\"350\" src=\"https:\/\/www.satyanandayoga.com.br\/website\/wp-content\/uploads\/2022\/03\/gal2-350x350.jpg\" class=\"attachment-tnail-1x1-small size-tnail-1x1-small\" alt=\"\" srcset=\"https:\/\/www.satyanandayoga.com.br\/website\/wp-content\/uploads\/2022\/03\/gal2-350x350.jpg 350w, https:\/\/www.satyanandayoga.com.br\/website\/wp-content\/uploads\/2022\/03\/gal2-150x150.jpg 150w, https:\/\/www.satyanandayoga.com.br\/website\/wp-content\/uploads\/2022\/03\/gal2-600x600.jpg 600w, https:\/\/www.satyanandayoga.com.br\/website\/wp-content\/uploads\/2022\/03\/gal2-100x100.jpg 100w\" sizes=\"auto, (max-width: 350px) 100vw, 350px\" \/><\/div><\/a><a class=\"w-gallery-item order_3\" href=\"https:\/\/www.satyanandayoga.com.br\/website\/wp-content\/uploads\/2022\/03\/Galeria2.jpg\" title=\"Galeria2\"><div class=\"w-gallery-item-img\"><img loading=\"lazy\" decoding=\"async\" width=\"350\" height=\"350\" src=\"https:\/\/www.satyanandayoga.com.br\/website\/wp-content\/uploads\/2022\/03\/Galeria2-350x350.jpg\" class=\"attachment-tnail-1x1-small size-tnail-1x1-small\" alt=\"\" srcset=\"https:\/\/www.satyanandayoga.com.br\/website\/wp-content\/uploads\/2022\/03\/Galeria2-350x350.jpg 350w, https:\/\/www.satyanandayoga.com.br\/website\/wp-content\/uploads\/2022\/03\/Galeria2-150x150.jpg 150w, https:\/\/www.satyanandayoga.com.br\/website\/wp-content\/uploads\/2022\/03\/Galeria2-600x600.jpg 600w, https:\/\/www.satyanandayoga.com.br\/website\/wp-content\/uploads\/2022\/03\/Galeria2-100x100.jpg 100w\" sizes=\"auto, (max-width: 350px) 100vw, 350px\" \/><\/div><\/a><a class=\"w-gallery-item order_4\" href=\"https:\/\/www.satyanandayoga.com.br\/website\/wp-content\/uploads\/2022\/03\/Galeria4.jpg\" title=\"Galeria4\"><div class=\"w-gallery-item-img\"><img loading=\"lazy\" decoding=\"async\" width=\"350\" height=\"350\" src=\"https:\/\/www.satyanandayoga.com.br\/website\/wp-content\/uploads\/2022\/03\/Galeria4-350x350.jpg\" class=\"attachment-tnail-1x1-small size-tnail-1x1-small\" alt=\"\" srcset=\"https:\/\/www.satyanandayoga.com.br\/website\/wp-content\/uploads\/2022\/03\/Galeria4-350x350.jpg 350w, https:\/\/www.satyanandayoga.com.br\/website\/wp-content\/uploads\/2022\/03\/Galeria4-150x150.jpg 150w, https:\/\/www.satyanandayoga.com.br\/website\/wp-content\/uploads\/2022\/03\/Galeria4-600x600.jpg 600w, https:\/\/www.satyanandayoga.com.br\/website\/wp-content\/uploads\/2022\/03\/Galeria4-100x100.jpg 100w\" sizes=\"auto, (max-width: 350px) 100vw, 350px\" \/><\/div><\/a><a class=\"w-gallery-item order_5\" href=\"https:\/\/www.satyanandayoga.com.br\/website\/wp-content\/uploads\/2022\/03\/Galeria6.jpg\" title=\"Galeria6\"><div class=\"w-gallery-item-img\"><img loading=\"lazy\" decoding=\"async\" width=\"350\" height=\"350\" src=\"https:\/\/www.satyanandayoga.com.br\/website\/wp-content\/uploads\/2022\/03\/Galeria6-350x350.jpg\" class=\"attachment-tnail-1x1-small size-tnail-1x1-small\" alt=\"\" srcset=\"https:\/\/www.satyanandayoga.com.br\/website\/wp-content\/uploads\/2022\/03\/Galeria6-350x350.jpg 350w, https:\/\/www.satyanandayoga.com.br\/website\/wp-content\/uploads\/2022\/03\/Galeria6-150x150.jpg 150w, https:\/\/www.satyanandayoga.com.br\/website\/wp-content\/uploads\/2022\/03\/Galeria6-600x600.jpg 600w, https:\/\/www.satyanandayoga.com.br\/website\/wp-content\/uploads\/2022\/03\/Galeria6-100x100.jpg 100w\" sizes=\"auto, (max-width: 350px) 100vw, 350px\" \/><\/div><\/a><a class=\"w-gallery-item order_6\" href=\"https:\/\/www.satyanandayoga.com.br\/website\/wp-content\/uploads\/2022\/03\/IMG_2186.jpg\" title=\"IMG_2186\"><div class=\"w-gallery-item-img\"><img loading=\"lazy\" decoding=\"async\" width=\"350\" height=\"350\" src=\"https:\/\/www.satyanandayoga.com.br\/website\/wp-content\/uploads\/2022\/03\/IMG_2186-350x350.jpg\" class=\"attachment-tnail-1x1-small size-tnail-1x1-small\" alt=\"\" srcset=\"https:\/\/www.satyanandayoga.com.br\/website\/wp-content\/uploads\/2022\/03\/IMG_2186-350x350.jpg 350w, https:\/\/www.satyanandayoga.com.br\/website\/wp-content\/uploads\/2022\/03\/IMG_2186-150x150.jpg 150w, https:\/\/www.satyanandayoga.com.br\/website\/wp-content\/uploads\/2022\/03\/IMG_2186-600x600.jpg 600w, https:\/\/www.satyanandayoga.com.br\/website\/wp-content\/uploads\/2022\/03\/IMG_2186-100x100.jpg 100w\" sizes=\"auto, (max-width: 350px) 100vw, 350px\" \/><\/div><\/a><a class=\"w-gallery-item order_7\" href=\"https:\/\/www.satyanandayoga.com.br\/website\/wp-content\/uploads\/2022\/03\/IMG_5007.jpg\" title=\"IMG_5007\"><div class=\"w-gallery-item-img\"><img loading=\"lazy\" decoding=\"async\" width=\"350\" height=\"350\" src=\"https:\/\/www.satyanandayoga.com.br\/website\/wp-content\/uploads\/2022\/03\/IMG_5007-350x350.jpg\" class=\"attachment-tnail-1x1-small size-tnail-1x1-small\" alt=\"\" srcset=\"https:\/\/www.satyanandayoga.com.br\/website\/wp-content\/uploads\/2022\/03\/IMG_5007-350x350.jpg 350w, https:\/\/www.satyanandayoga.com.br\/website\/wp-content\/uploads\/2022\/03\/IMG_5007-150x150.jpg 150w, https:\/\/www.satyanandayoga.com.br\/website\/wp-content\/uploads\/2022\/03\/IMG_5007-600x600.jpg 600w, https:\/\/www.satyanandayoga.com.br\/website\/wp-content\/uploads\/2022\/03\/IMG_5007-100x100.jpg 100w\" sizes=\"auto, (max-width: 350px) 100vw, 350px\" \/><\/div><\/a><a class=\"w-gallery-item order_8\" href=\"https:\/\/www.satyanandayoga.com.br\/website\/wp-content\/uploads\/2022\/03\/IMG_5008.jpg\" title=\"IMG_5008\"><div class=\"w-gallery-item-img\"><img loading=\"lazy\" decoding=\"async\" width=\"350\" height=\"350\" src=\"https:\/\/www.satyanandayoga.com.br\/website\/wp-content\/uploads\/2022\/03\/IMG_5008-350x350.jpg\" class=\"attachment-tnail-1x1-small size-tnail-1x1-small\" alt=\"\" srcset=\"https:\/\/www.satyanandayoga.com.br\/website\/wp-content\/uploads\/2022\/03\/IMG_5008-350x350.jpg 350w, https:\/\/www.satyanandayoga.com.br\/website\/wp-content\/uploads\/2022\/03\/IMG_5008-150x150.jpg 150w, https:\/\/www.satyanandayoga.com.br\/website\/wp-content\/uploads\/2022\/03\/IMG_5008-600x600.jpg 600w, https:\/\/www.satyanandayoga.com.br\/website\/wp-content\/uploads\/2022\/03\/IMG_5008-100x100.jpg 100w\" sizes=\"auto, (max-width: 350px) 100vw, 350px\" \/><\/div><\/a><a class=\"w-gallery-item order_9\" href=\"https:\/\/www.satyanandayoga.com.br\/website\/wp-content\/uploads\/2022\/03\/IMG_5042.jpg\" title=\"IMG_5042\"><div class=\"w-gallery-item-img\"><img loading=\"lazy\" decoding=\"async\" width=\"350\" height=\"350\" src=\"https:\/\/www.satyanandayoga.com.br\/website\/wp-content\/uploads\/2022\/03\/IMG_5042-350x350.jpg\" class=\"attachment-tnail-1x1-small size-tnail-1x1-small\" alt=\"\" srcset=\"https:\/\/www.satyanandayoga.com.br\/website\/wp-content\/uploads\/2022\/03\/IMG_5042-350x350.jpg 350w, https:\/\/www.satyanandayoga.com.br\/website\/wp-content\/uploads\/2022\/03\/IMG_5042-150x150.jpg 150w, https:\/\/www.satyanandayoga.com.br\/website\/wp-content\/uploads\/2022\/03\/IMG_5042-600x600.jpg 600w, https:\/\/www.satyanandayoga.com.br\/website\/wp-content\/uploads\/2022\/03\/IMG_5042-100x100.jpg 100w\" sizes=\"auto, (max-width: 350px) 100vw, 350px\" \/><\/div><\/a><a class=\"w-gallery-item order_10\" href=\"https:\/\/www.satyanandayoga.com.br\/website\/wp-content\/uploads\/2022\/03\/IMG_5700.jpg\" title=\"IMG_5700\"><div class=\"w-gallery-item-img\"><img loading=\"lazy\" decoding=\"async\" width=\"350\" height=\"350\" src=\"https:\/\/www.satyanandayoga.com.br\/website\/wp-content\/uploads\/2022\/03\/IMG_5700-350x350.jpg\" class=\"attachment-tnail-1x1-small size-tnail-1x1-small\" alt=\"\" srcset=\"https:\/\/www.satyanandayoga.com.br\/website\/wp-content\/uploads\/2022\/03\/IMG_5700-350x350.jpg 350w, https:\/\/www.satyanandayoga.com.br\/website\/wp-content\/uploads\/2022\/03\/IMG_5700-150x150.jpg 150w, https:\/\/www.satyanandayoga.com.br\/website\/wp-content\/uploads\/2022\/03\/IMG_5700-600x600.jpg 600w, https:\/\/www.satyanandayoga.com.br\/website\/wp-content\/uploads\/2022\/03\/IMG_5700-100x100.jpg 100w\" sizes=\"auto, (max-width: 350px) 100vw, 350px\" \/><\/div><\/a><a class=\"w-gallery-item order_11\" href=\"https:\/\/www.satyanandayoga.com.br\/website\/wp-content\/uploads\/2022\/03\/IMG_7034.jpg\" title=\"IMG_7034\"><div class=\"w-gallery-item-img\"><img loading=\"lazy\" decoding=\"async\" width=\"350\" height=\"350\" src=\"https:\/\/www.satyanandayoga.com.br\/website\/wp-content\/uploads\/2022\/03\/IMG_7034-350x350.jpg\" class=\"attachment-tnail-1x1-small size-tnail-1x1-small\" alt=\"\" srcset=\"https:\/\/www.satyanandayoga.com.br\/website\/wp-content\/uploads\/2022\/03\/IMG_7034-350x350.jpg 350w, https:\/\/www.satyanandayoga.com.br\/website\/wp-content\/uploads\/2022\/03\/IMG_7034-150x150.jpg 150w, https:\/\/www.satyanandayoga.com.br\/website\/wp-content\/uploads\/2022\/03\/IMG_7034-600x600.jpg 600w, https:\/\/www.satyanandayoga.com.br\/website\/wp-content\/uploads\/2022\/03\/IMG_7034-100x100.jpg 100w\" sizes=\"auto, (max-width: 350px) 100vw, 350px\" \/><\/div><\/a><a class=\"w-gallery-item order_12\" href=\"https:\/\/www.satyanandayoga.com.br\/website\/wp-content\/uploads\/2022\/03\/IMG_7183.jpg\" title=\"IMG_7183\"><div class=\"w-gallery-item-img\"><img loading=\"lazy\" decoding=\"async\" width=\"350\" height=\"350\" src=\"https:\/\/www.satyanandayoga.com.br\/website\/wp-content\/uploads\/2022\/03\/IMG_7183-350x350.jpg\" class=\"attachment-tnail-1x1-small size-tnail-1x1-small\" alt=\"\" srcset=\"https:\/\/www.satyanandayoga.com.br\/website\/wp-content\/uploads\/2022\/03\/IMG_7183-350x350.jpg 350w, https:\/\/www.satyanandayoga.com.br\/website\/wp-content\/uploads\/2022\/03\/IMG_7183-150x150.jpg 150w, https:\/\/www.satyanandayoga.com.br\/website\/wp-content\/uploads\/2022\/03\/IMG_7183-600x600.jpg 600w, https:\/\/www.satyanandayoga.com.br\/website\/wp-content\/uploads\/2022\/03\/IMG_7183-100x100.jpg 100w\" sizes=\"auto, (max-width: 350px) 100vw, 350px\" \/><\/div><\/a><a class=\"w-gallery-item order_13\" href=\"https:\/\/www.satyanandayoga.com.br\/website\/wp-content\/uploads\/2022\/03\/IMG_7184.jpg\" title=\"IMG_7184\"><div class=\"w-gallery-item-img\"><img loading=\"lazy\" decoding=\"async\" width=\"350\" height=\"350\" src=\"https:\/\/www.satyanandayoga.com.br\/website\/wp-content\/uploads\/2022\/03\/IMG_7184-350x350.jpg\" class=\"attachment-tnail-1x1-small size-tnail-1x1-small\" alt=\"\" srcset=\"https:\/\/www.satyanandayoga.com.br\/website\/wp-content\/uploads\/2022\/03\/IMG_7184-350x350.jpg 350w, https:\/\/www.satyanandayoga.com.br\/website\/wp-content\/uploads\/2022\/03\/IMG_7184-150x150.jpg 150w, https:\/\/www.satyanandayoga.com.br\/website\/wp-content\/uploads\/2022\/03\/IMG_7184-600x600.jpg 600w, https:\/\/www.satyanandayoga.com.br\/website\/wp-content\/uploads\/2022\/03\/IMG_7184-100x100.jpg 100w\" sizes=\"auto, (max-width: 350px) 100vw, 350px\" \/><\/div><\/a><a class=\"w-gallery-item order_14\" href=\"https:\/\/www.satyanandayoga.com.br\/website\/wp-content\/uploads\/2022\/03\/IMG_7186.jpg\" title=\"IMG_7186\"><div class=\"w-gallery-item-img\"><img loading=\"lazy\" decoding=\"async\" width=\"350\" height=\"350\" src=\"https:\/\/www.satyanandayoga.com.br\/website\/wp-content\/uploads\/2022\/03\/IMG_7186-350x350.jpg\" class=\"attachment-tnail-1x1-small size-tnail-1x1-small\" alt=\"\" srcset=\"https:\/\/www.satyanandayoga.com.br\/website\/wp-content\/uploads\/2022\/03\/IMG_7186-350x350.jpg 350w, https:\/\/www.satyanandayoga.com.br\/website\/wp-content\/uploads\/2022\/03\/IMG_7186-150x150.jpg 150w, https:\/\/www.satyanandayoga.com.br\/website\/wp-content\/uploads\/2022\/03\/IMG_7186-600x600.jpg 600w, https:\/\/www.satyanandayoga.com.br\/website\/wp-content\/uploads\/2022\/03\/IMG_7186-100x100.jpg 100w\" sizes=\"auto, (max-width: 350px) 100vw, 350px\" \/><\/div><\/a><a class=\"w-gallery-item order_15\" href=\"https:\/\/www.satyanandayoga.com.br\/website\/wp-content\/uploads\/2022\/03\/IMG_7188.jpg\" title=\"IMG_7188\"><div class=\"w-gallery-item-img\"><img loading=\"lazy\" decoding=\"async\" width=\"350\" height=\"350\" src=\"https:\/\/www.satyanandayoga.com.br\/website\/wp-content\/uploads\/2022\/03\/IMG_7188-350x350.jpg\" class=\"attachment-tnail-1x1-small size-tnail-1x1-small\" alt=\"\" srcset=\"https:\/\/www.satyanandayoga.com.br\/website\/wp-content\/uploads\/2022\/03\/IMG_7188-350x350.jpg 350w, https:\/\/www.satyanandayoga.com.br\/website\/wp-content\/uploads\/2022\/03\/IMG_7188-150x150.jpg 150w, https:\/\/www.satyanandayoga.com.br\/website\/wp-content\/uploads\/2022\/03\/IMG_7188-600x600.jpg 600w, https:\/\/www.satyanandayoga.com.br\/website\/wp-content\/uploads\/2022\/03\/IMG_7188-100x100.jpg 100w\" sizes=\"auto, (max-width: 350px) 100vw, 350px\" \/><\/div><\/a><a class=\"w-gallery-item order_16\" href=\"https:\/\/www.satyanandayoga.com.br\/website\/wp-content\/uploads\/2022\/03\/IMG_7195.jpg\" title=\"IMG_7195\"><div class=\"w-gallery-item-img\"><img loading=\"lazy\" decoding=\"async\" width=\"350\" height=\"350\" src=\"https:\/\/www.satyanandayoga.com.br\/website\/wp-content\/uploads\/2022\/03\/IMG_7195-350x350.jpg\" class=\"attachment-tnail-1x1-small size-tnail-1x1-small\" alt=\"\" srcset=\"https:\/\/www.satyanandayoga.com.br\/website\/wp-content\/uploads\/2022\/03\/IMG_7195-350x350.jpg 350w, https:\/\/www.satyanandayoga.com.br\/website\/wp-content\/uploads\/2022\/03\/IMG_7195-150x150.jpg 150w, https:\/\/www.satyanandayoga.com.br\/website\/wp-content\/uploads\/2022\/03\/IMG_7195-600x600.jpg 600w, https:\/\/www.satyanandayoga.com.br\/website\/wp-content\/uploads\/2022\/03\/IMG_7195-100x100.jpg 100w\" sizes=\"auto, (max-width: 350px) 100vw, 350px\" \/><\/div><\/a><a class=\"w-gallery-item order_17\" href=\"https:\/\/www.satyanandayoga.com.br\/website\/wp-content\/uploads\/2022\/03\/IMG_7214.jpg\" title=\"IMG_7214\"><div class=\"w-gallery-item-img\"><img loading=\"lazy\" decoding=\"async\" width=\"350\" height=\"350\" src=\"https:\/\/www.satyanandayoga.com.br\/website\/wp-content\/uploads\/2022\/03\/IMG_7214-350x350.jpg\" class=\"attachment-tnail-1x1-small size-tnail-1x1-small\" alt=\"\" srcset=\"https:\/\/www.satyanandayoga.com.br\/website\/wp-content\/uploads\/2022\/03\/IMG_7214-350x350.jpg 350w, https:\/\/www.satyanandayoga.com.br\/website\/wp-content\/uploads\/2022\/03\/IMG_7214-150x150.jpg 150w, https:\/\/www.satyanandayoga.com.br\/website\/wp-content\/uploads\/2022\/03\/IMG_7214-600x600.jpg 600w, https:\/\/www.satyanandayoga.com.br\/website\/wp-content\/uploads\/2022\/03\/IMG_7214-100x100.jpg 100w\" sizes=\"auto, (max-width: 350px) 100vw, 350px\" \/><\/div><\/a><a class=\"w-gallery-item order_18\" href=\"https:\/\/www.satyanandayoga.com.br\/website\/wp-content\/uploads\/2022\/03\/IMG_7218.jpg\" title=\"IMG_7218\"><div class=\"w-gallery-item-img\"><img loading=\"lazy\" decoding=\"async\" width=\"350\" height=\"350\" src=\"https:\/\/www.satyanandayoga.com.br\/website\/wp-content\/uploads\/2022\/03\/IMG_7218-350x350.jpg\" class=\"attachment-tnail-1x1-small size-tnail-1x1-small\" alt=\"\" srcset=\"https:\/\/www.satyanandayoga.com.br\/website\/wp-content\/uploads\/2022\/03\/IMG_7218-350x350.jpg 350w, https:\/\/www.satyanandayoga.com.br\/website\/wp-content\/uploads\/2022\/03\/IMG_7218-150x150.jpg 150w, https:\/\/www.satyanandayoga.com.br\/website\/wp-content\/uploads\/2022\/03\/IMG_7218-600x600.jpg 600w, https:\/\/www.satyanandayoga.com.br\/website\/wp-content\/uploads\/2022\/03\/IMG_7218-100x100.jpg 100w\" sizes=\"auto, (max-width: 350px) 100vw, 350px\" \/><\/div><\/a><a class=\"w-gallery-item order_19\" href=\"https:\/\/www.satyanandayoga.com.br\/website\/wp-content\/uploads\/2022\/03\/IMG_7269.jpg\" title=\"IMG_7269\"><div class=\"w-gallery-item-img\"><img loading=\"lazy\" decoding=\"async\" width=\"350\" height=\"350\" src=\"https:\/\/www.satyanandayoga.com.br\/website\/wp-content\/uploads\/2022\/03\/IMG_7269-350x350.jpg\" class=\"attachment-tnail-1x1-small size-tnail-1x1-small\" alt=\"\" srcset=\"https:\/\/www.satyanandayoga.com.br\/website\/wp-content\/uploads\/2022\/03\/IMG_7269-350x350.jpg 350w, https:\/\/www.satyanandayoga.com.br\/website\/wp-content\/uploads\/2022\/03\/IMG_7269-150x150.jpg 150w, https:\/\/www.satyanandayoga.com.br\/website\/wp-content\/uploads\/2022\/03\/IMG_7269-600x600.jpg 600w, https:\/\/www.satyanandayoga.com.br\/website\/wp-content\/uploads\/2022\/03\/IMG_7269-100x100.jpg 100w\" sizes=\"auto, (max-width: 350px) 100vw, 350px\" \/><\/div><\/a><\/div><\/div>\n<\/div><\/div><\/div><\/div><\/div><\/div><\/div><\/section>\n","protected":false},"excerpt":{"rendered":"","protected":false},"author":1809,"featured_media":0,"parent":0,"menu_order":0,"comment_status":"closed","ping_status":"closed","template":"","meta":{"footnotes":""},"class_list":["post-99","page","type-page","status-publish","hentry"],"_links":{"self":[{"href":"https:\/\/www.satyanandayoga.com.br\/website\/wp-json\/wp\/v2\/pages\/99","targetHints":{"allow":["GET"]}}],"collection":[{"href":"https:\/\/www.satyanandayoga.com.br\/website\/wp-json\/wp\/v2\/pages"}],"about":[{"href":"https:\/\/www.satyanandayoga.com.br\/website\/wp-json\/wp\/v2\/types\/page"}],"author":[{"embeddable":true,"href":"https:\/\/www.satyanandayoga.com.br\/website\/wp-json\/wp\/v2\/users\/1809"}],"replies":[{"embeddable":true,"href":"https:\/\/www.satyanandayoga.com.br\/website\/wp-json\/wp\/v2\/comments?post=99"}],"version-history":[{"count":13,"href":"https:\/\/www.satyanandayoga.com.br\/website\/wp-json\/wp\/v2\/pages\/99\/revisions"}],"predecessor-version":[{"id":4376,"href":"https:\/\/www.satyanandayoga.com.br\/website\/wp-json\/wp\/v2\/pages\/99\/revisions\/4376"}],"wp:attachment":[{"href":"https:\/\/www.satyanandayoga.com.br\/website\/wp-json\/wp\/v2\/media?parent=99"}],"curies":[{"name":"wp","href":"https:\/\/api.w.org\/{rel}","templated":true}]}}