{"id":1306,"date":"2020-06-05T22:17:48","date_gmt":"2020-06-06T01:17:48","guid":{"rendered":"http:\/\/satyanandayoga.com.br\/website\/?post_type=product&#038;p=1306"},"modified":"2025-12-09T08:41:44","modified_gmt":"2025-12-09T11:41:44","slug":"revista-satyananda-yoga-vidya-volume-v","status":"publish","type":"product","link":"https:\/\/www.satyanandayoga.com.br\/website\/produto\/revista-satyananda-yoga-vidya-volume-v\/","title":{"rendered":"REVISTA SATYANANDA YOGA VIDYA \u2013 volume V"},"content":{"rendered":"<p>Essa publica\u00e7\u00e3o foi compilada e publicada pelo Satyananda Yoga Center, e tem como objetivo tornar acess\u00edvel a sabedoria e os princ\u00edpios do Yoga transmitidos pelo sistema Satyananda Yoga.<br \/>\nOs textos s\u00e3o tradu\u00e7\u00f5es autorizadas extra\u00eddas da Revista Yoga Mag.<\/p>\n","protected":false},"excerpt":{"rendered":"<p>Essa publica\u00e7\u00e3o foi compilada e publicada pelo Satyananda Yoga Center, e tem como objetivo tornar acess\u00edvel a sabedoria e os&#8230;<\/p>\n","protected":false},"featured_media":876,"template":"","meta":[],"product_brand":[],"product_cat":[19],"product_tag":[],"class_list":{"0":"post-1306","1":"product","2":"type-product","3":"status-publish","4":"has-post-thumbnail","6":"product_cat-livros","7":"product_shipping_class-impresso","9":"first","10":"instock","11":"shipping-taxable","12":"purchasable","13":"product-type-simple"},"_links":{"self":[{"href":"https:\/\/www.satyanandayoga.com.br\/website\/wp-json\/wp\/v2\/product\/1306","targetHints":{"allow":["GET"]}}],"collection":[{"href":"https:\/\/www.satyanandayoga.com.br\/website\/wp-json\/wp\/v2\/product"}],"about":[{"href":"https:\/\/www.satyanandayoga.com.br\/website\/wp-json\/wp\/v2\/types\/product"}],"wp:featuredmedia":[{"embeddable":true,"href":"https:\/\/www.satyanandayoga.com.br\/website\/wp-json\/wp\/v2\/media\/876"}],"wp:attachment":[{"href":"https:\/\/www.satyanandayoga.com.br\/website\/wp-json\/wp\/v2\/media?parent=1306"}],"wp:term":[{"taxonomy":"product_brand","embeddable":true,"href":"https:\/\/www.satyanandayoga.com.br\/website\/wp-json\/wp\/v2\/product_brand?post=1306"},{"taxonomy":"product_cat","embeddable":true,"href":"https:\/\/www.satyanandayoga.com.br\/website\/wp-json\/wp\/v2\/product_cat?post=1306"},{"taxonomy":"product_tag","embeddable":true,"href":"https:\/\/www.satyanandayoga.com.br\/website\/wp-json\/wp\/v2\/product_tag?post=1306"}],"curies":[{"name":"wp","href":"https:\/\/api.w.org\/{rel}","templated":true}]}}