{"id":3199,"date":"2022-12-07T12:35:21","date_gmt":"2022-12-07T15:35:21","guid":{"rendered":"https:\/\/www.satyanandayoga.com.br\/website\/?post_type=product&#038;p=3199"},"modified":"2023-03-13T15:12:41","modified_gmt":"2023-03-13T18:12:41","slug":"yoga-nidra-para-gestantes-em-audio","status":"publish","type":"product","link":"https:\/\/www.satyanandayoga.com.br\/website\/produto\/yoga-nidra-para-gestantes-em-audio\/","title":{"rendered":"YOGA NIDRA PARA GESTANTES &#8211; EM \u00c1UDIO"},"content":{"rendered":"<p>YOGA NIDRA \u00e9 uma pr\u00e1tica sistematizada do SATYANANDA YOGA que produz um relaxamento profundo afetando todo o sistema nervoso e sua infl\u00eancia sobre o corpo e a mente. Esta pr\u00e1tica est\u00e1 desenhada para a gesta\u00e7\u00e3o promovendo sa\u00fade f\u00edsica, emocional e mental, beneficiando, n\u00e3o somente a gestante, mas tamb\u00e9m o beb\u00ea.<\/p>\n<p>\u2022 \u00c1udio com Gangadhara Saraswati<br \/>\n\u2022 Pr\u00e1tica gravada<br \/>\n\u2022 Dura\u00e7\u00e3o 24 minutos<br \/>\n\u2022 Acesso dispon\u00edvel por 9 meses, atrav\u00e9s do Hotmart<\/p>\n","protected":false},"excerpt":{"rendered":"<p>YOGA NIDRA \u00e9 uma pr\u00e1tica sistematizada do SATYANANDA YOGA que produz um relaxamento profundo afetando todo o sistema nervoso e&#8230;<\/p>\n","protected":false},"featured_media":3200,"template":"","meta":[],"product_brand":[],"product_cat":[38],"product_tag":[],"class_list":{"0":"post-3199","1":"product","2":"type-product","3":"status-publish","4":"has-post-thumbnail","6":"product_cat-aulas","8":"first","9":"instock","10":"shipping-taxable","11":"product-type-external"},"_links":{"self":[{"href":"https:\/\/www.satyanandayoga.com.br\/website\/wp-json\/wp\/v2\/product\/3199","targetHints":{"allow":["GET"]}}],"collection":[{"href":"https:\/\/www.satyanandayoga.com.br\/website\/wp-json\/wp\/v2\/product"}],"about":[{"href":"https:\/\/www.satyanandayoga.com.br\/website\/wp-json\/wp\/v2\/types\/product"}],"wp:featuredmedia":[{"embeddable":true,"href":"https:\/\/www.satyanandayoga.com.br\/website\/wp-json\/wp\/v2\/media\/3200"}],"wp:attachment":[{"href":"https:\/\/www.satyanandayoga.com.br\/website\/wp-json\/wp\/v2\/media?parent=3199"}],"wp:term":[{"taxonomy":"product_brand","embeddable":true,"href":"https:\/\/www.satyanandayoga.com.br\/website\/wp-json\/wp\/v2\/product_brand?post=3199"},{"taxonomy":"product_cat","embeddable":true,"href":"https:\/\/www.satyanandayoga.com.br\/website\/wp-json\/wp\/v2\/product_cat?post=3199"},{"taxonomy":"product_tag","embeddable":true,"href":"https:\/\/www.satyanandayoga.com.br\/website\/wp-json\/wp\/v2\/product_tag?post=3199"}],"curies":[{"name":"wp","href":"https:\/\/api.w.org\/{rel}","templated":true}]}}