{"id":3488,"date":"2023-06-13T10:02:40","date_gmt":"2023-06-13T13:02:40","guid":{"rendered":"https:\/\/www.satyanandayoga.com.br\/website\/?post_type=product&#038;p=3488"},"modified":"2025-12-09T08:39:16","modified_gmt":"2025-12-09T11:39:16","slug":"tantra-e-ganesha","status":"publish","type":"product","link":"https:\/\/www.satyanandayoga.com.br\/website\/produto\/tantra-e-ganesha\/","title":{"rendered":"TANTRA E GANESHA"},"content":{"rendered":"<p>Este livro \u00e9 uma tentativa de apresentar, a partir da linguagem discursiva, elementos que d\u00e3o forma \u00e0 filosofia do Tantra e de ilustrar um poss\u00edvel processo de intera\u00e7\u00e3o para com os princ\u00edpios m\u00edticos e experimentais discorridos pela mitologia e pelo simbolismo que comp\u00f5em o imagin\u00e1rio e o universo ps\u00edquico de Ganesha, o senhor de todos os grupos, destruidor dos obst\u00e1culos e ordenador do processo de manejo, de forma positiva, das necessidades da vida material, da conquista de um equil\u00edbrio mental, emocional e de um despertar\u00a0espiritual.<\/p>\n<p>240 p\u00e1ginas<\/p>\n","protected":false},"excerpt":{"rendered":"<p>Este livro \u00e9 uma tentativa de apresentar, a partir da linguagem discursiva, elementos que d\u00e3o forma \u00e0 filosofia do Tantra e de ilustrar um poss\u00edvel processo de intera\u00e7\u00e3o para com os princ\u00edpios m\u00edticos e experimentais discorridos pela mitologia e pelo simbolismo que comp\u00f5em o imagin\u00e1rio e o universo ps\u00edquico de Ganesha, o senhor de todos os grupos, destruidor dos obst\u00e1culos e ordenador do processo de manejo, de forma positiva, das necessidades da vida material, da conquista de um equil\u00edbrio mental, emocional e de um despertar espiritual.<\/p>\n","protected":false},"featured_media":3491,"template":"","meta":[],"product_brand":[],"product_cat":[19],"product_tag":[],"class_list":{"0":"post-3488","1":"product","2":"type-product","3":"status-publish","4":"has-post-thumbnail","6":"product_cat-livros","7":"product_shipping_class-impresso","9":"first","10":"instock","11":"shipping-taxable","12":"purchasable","13":"product-type-simple"},"_links":{"self":[{"href":"https:\/\/www.satyanandayoga.com.br\/website\/wp-json\/wp\/v2\/product\/3488","targetHints":{"allow":["GET"]}}],"collection":[{"href":"https:\/\/www.satyanandayoga.com.br\/website\/wp-json\/wp\/v2\/product"}],"about":[{"href":"https:\/\/www.satyanandayoga.com.br\/website\/wp-json\/wp\/v2\/types\/product"}],"wp:featuredmedia":[{"embeddable":true,"href":"https:\/\/www.satyanandayoga.com.br\/website\/wp-json\/wp\/v2\/media\/3491"}],"wp:attachment":[{"href":"https:\/\/www.satyanandayoga.com.br\/website\/wp-json\/wp\/v2\/media?parent=3488"}],"wp:term":[{"taxonomy":"product_brand","embeddable":true,"href":"https:\/\/www.satyanandayoga.com.br\/website\/wp-json\/wp\/v2\/product_brand?post=3488"},{"taxonomy":"product_cat","embeddable":true,"href":"https:\/\/www.satyanandayoga.com.br\/website\/wp-json\/wp\/v2\/product_cat?post=3488"},{"taxonomy":"product_tag","embeddable":true,"href":"https:\/\/www.satyanandayoga.com.br\/website\/wp-json\/wp\/v2\/product_tag?post=3488"}],"curies":[{"name":"wp","href":"https:\/\/api.w.org\/{rel}","templated":true}]}}