{"id":4008,"date":"2024-08-20T15:47:04","date_gmt":"2024-08-20T18:47:04","guid":{"rendered":"https:\/\/www.satyanandayoga.com.br\/website\/?post_type=product&#038;p=4008"},"modified":"2026-04-09T20:51:47","modified_gmt":"2026-04-09T23:51:47","slug":"prana-e-pranayama","status":"publish","type":"product","link":"https:\/\/www.satyanandayoga.com.br\/website\/produto\/prana-e-pranayama\/","title":{"rendered":"PRANA E PRANAYAMA"},"content":{"rendered":"<p>Prana e Pranayama \u00e9 um texto abrangente sobre a filosofia cl\u00e1ssica do Prana, for\u00e7a vital, e Pranayama, a expans\u00e3o e controle da for\u00e7a vital.<br \/>\nEle fornece uma descri\u00e7\u00e3o completa da ci\u00eancia do Pranayama como apresentado nos textos cl\u00e1ssicos e como ensinado na tradi\u00e7\u00e3o Satyananda Yoga pela Bihar School of Yoga.<br \/>\nA primeira parte do livro explora a teoria do Prana e seus conceitos Yogis relacionados: Koshas, Chakras, Nadis e Mantras Em segundo lugar, expande a fisiologia respirat\u00f3ria e as pesquisas atuais empreendidas pela ci\u00eancia sobre o Pranayama. Na se\u00e7\u00e3o pr\u00e1tica, s\u00e3o dadas orienta\u00e7\u00f5es espec\u00edficas para a pr\u00e1tica do Pranayama, utilizando instru\u00e7\u00f5es detalhadas e ilustra\u00e7\u00f5es. Ao longo do texto, as fontes bibliogr\u00e1ficas aprimoram ainda mais a compreens\u00e3o do leitor, trazendo \u00e0 luz a ess\u00eancia e a inten\u00e7\u00e3o originais desses ensinamentos<br \/>\ncl\u00e1ssicos.<\/p>\n<p>364 P\u00e1ginas<\/p>\n","protected":false},"excerpt":{"rendered":"<p>Prana e Pranayama \u00e9 um texto abrangente sobre a filosofia cl\u00e1ssica do Prana, for\u00e7a vital, e Pranayama, a expans\u00e3o e&#8230;<\/p>\n","protected":false},"featured_media":4009,"template":"","meta":[],"product_brand":[],"product_cat":[19],"product_tag":[],"class_list":{"0":"post-4008","1":"product","2":"type-product","3":"status-publish","4":"has-post-thumbnail","6":"product_cat-livros","7":"product_shipping_class-impresso","9":"first","10":"instock","11":"featured","12":"shipping-taxable","13":"purchasable","14":"product-type-simple"},"_links":{"self":[{"href":"https:\/\/www.satyanandayoga.com.br\/website\/wp-json\/wp\/v2\/product\/4008","targetHints":{"allow":["GET"]}}],"collection":[{"href":"https:\/\/www.satyanandayoga.com.br\/website\/wp-json\/wp\/v2\/product"}],"about":[{"href":"https:\/\/www.satyanandayoga.com.br\/website\/wp-json\/wp\/v2\/types\/product"}],"wp:featuredmedia":[{"embeddable":true,"href":"https:\/\/www.satyanandayoga.com.br\/website\/wp-json\/wp\/v2\/media\/4009"}],"wp:attachment":[{"href":"https:\/\/www.satyanandayoga.com.br\/website\/wp-json\/wp\/v2\/media?parent=4008"}],"wp:term":[{"taxonomy":"product_brand","embeddable":true,"href":"https:\/\/www.satyanandayoga.com.br\/website\/wp-json\/wp\/v2\/product_brand?post=4008"},{"taxonomy":"product_cat","embeddable":true,"href":"https:\/\/www.satyanandayoga.com.br\/website\/wp-json\/wp\/v2\/product_cat?post=4008"},{"taxonomy":"product_tag","embeddable":true,"href":"https:\/\/www.satyanandayoga.com.br\/website\/wp-json\/wp\/v2\/product_tag?post=4008"}],"curies":[{"name":"wp","href":"https:\/\/api.w.org\/{rel}","templated":true}]}}