{"id":4599,"date":"2026-01-08T16:48:34","date_gmt":"2026-01-08T19:48:34","guid":{"rendered":"https:\/\/www.satyanandayoga.com.br\/website\/?post_type=product&#038;p=4599"},"modified":"2026-01-08T16:48:36","modified_gmt":"2026-01-08T19:48:36","slug":"estudo-especializado-em-yoga-para-mulheres","status":"publish","type":"product","link":"https:\/\/www.satyanandayoga.com.br\/website\/produto\/estudo-especializado-em-yoga-para-mulheres\/","title":{"rendered":"Estudo especializado em Yoga para Mulheres"},"content":{"rendered":"<p>por<br \/>\nSwami Gangadhara Saraswati<\/p>\n<p>Online<\/p>\n<p>Dirigido a professoras e professores de Yoga ou mulheres<br \/>\npraticantes de Yoga que queiram aprender a se cuidar com Yoga.<\/p>\n<p>Inscri\u00e7\u00f5es: at\u00e9 06 de maio<br \/>\nIn\u00edcio: 09 de maio de 2026<br \/>\nT\u00e9rmino: 15 de agosto de 2026<\/p>\n<p>Aulas aos s\u00e1bados, de 8h00 \u00e0s 10h00 a.m (ONLINE)<\/p>\n<p>Mais Informa\u00e7\u00f5es: <a href=\"https:\/\/drive.google.com\/file\/d\/1oNv6R6NgE0idr-sP3whjvnsUH8Goijfx\/view?usp=sharing\" target=\"_blank\" rel=\"noopener\">CLIQUE AQUI<\/a><\/p>\n","protected":false},"excerpt":{"rendered":"<p>por Swami Gangadhara Saraswati Online Dirigido a professoras e professores de Yoga ou mulheres praticantes de Yoga que queiram aprender&#8230;<\/p>\n","protected":false},"featured_media":4600,"template":"","meta":[],"product_brand":[],"product_cat":[38],"product_tag":[],"class_list":{"0":"post-4599","1":"product","2":"type-product","3":"status-publish","4":"has-post-thumbnail","6":"product_cat-aulas","8":"first","9":"instock","10":"virtual","11":"purchasable","12":"product-type-simple"},"_links":{"self":[{"href":"https:\/\/www.satyanandayoga.com.br\/website\/wp-json\/wp\/v2\/product\/4599","targetHints":{"allow":["GET"]}}],"collection":[{"href":"https:\/\/www.satyanandayoga.com.br\/website\/wp-json\/wp\/v2\/product"}],"about":[{"href":"https:\/\/www.satyanandayoga.com.br\/website\/wp-json\/wp\/v2\/types\/product"}],"wp:featuredmedia":[{"embeddable":true,"href":"https:\/\/www.satyanandayoga.com.br\/website\/wp-json\/wp\/v2\/media\/4600"}],"wp:attachment":[{"href":"https:\/\/www.satyanandayoga.com.br\/website\/wp-json\/wp\/v2\/media?parent=4599"}],"wp:term":[{"taxonomy":"product_brand","embeddable":true,"href":"https:\/\/www.satyanandayoga.com.br\/website\/wp-json\/wp\/v2\/product_brand?post=4599"},{"taxonomy":"product_cat","embeddable":true,"href":"https:\/\/www.satyanandayoga.com.br\/website\/wp-json\/wp\/v2\/product_cat?post=4599"},{"taxonomy":"product_tag","embeddable":true,"href":"https:\/\/www.satyanandayoga.com.br\/website\/wp-json\/wp\/v2\/product_tag?post=4599"}],"curies":[{"name":"wp","href":"https:\/\/api.w.org\/{rel}","templated":true}]}}